{"id":1848,"date":"2025-07-04T01:49:57","date_gmt":"2025-07-04T01:49:57","guid":{"rendered":"https:\/\/giaidieumuctu.net\/?page_id=1848"},"modified":"2025-07-04T01:51:15","modified_gmt":"2025-07-04T01:51:15","slug":"thanh-ca-vao-doi","status":"publish","type":"page","link":"https:\/\/giaidieumuctu.net\/index.php\/thanh-ca-vao-doi\/","title":{"rendered":"Th\u00e1nh Ca V\u00e0o \u0110\u1eddi"},"content":{"rendered":"\t\t<div data-elementor-type=\"wp-page\" data-elementor-id=\"1848\" class=\"elementor elementor-1848\">\n\t\t\t\t<div class=\"elementor-element elementor-element-db14671 e-flex e-con-boxed e-con e-parent\" data-id=\"db14671\" data-element_type=\"container\">\n\t\t\t\t\t<div class=\"e-con-inner\">\n\t\t\t\t<div class=\"elementor-element elementor-element-75e5214 elementor-widget elementor-widget-co_content_table\" data-id=\"75e5214\" data-element_type=\"widget\" data-widget_type=\"co_content_table.default\">\n\t\t\t\t<div class=\"elementor-widget-container\">\n\t\t\t\t\t<div class=\"co-tabs-wrapper\"><div class=\"co-tabs-nav\"><hr class=\"co-tabs-divider\"><button class=\"co-tab-btn active\" data-tab=\"1868\">S\u1ee9 v\u1ee5<\/button><button class=\"co-tab-btn \" data-tab=\"1869\">Ph\u1ee5c v\u1ee5<\/button><button class=\"co-tab-btn \" data-tab=\"1870\">S\u00f4ng \u0111\u1ee9c tin<\/button><button class=\"co-tab-btn \" data-tab=\"1871\">\u0110\u1ed3ng h\u00e0nh<\/button><button class=\"co-tab-btn \" data-tab=\"1872\">B\u1ea3o v\u1ec7<\/button><\/div><div class=\"co-tab-content\" id=\"tab-1868\" style=\"display:block\"><form class=\"co-content-filters\" onsubmit=\"return false\"><div class=\"co-filter-group\"><label>Ch\u1ee7 \u0111\u1ec1<\/label><input type=\"text\" class=\"co-filter-input\" data-col=\"0\" placeholder=\"T\u00ecm ch\u1ee7 \u0111\u1ec1\"><\/div><div class=\"co-filter-group\"><label>T\u1ef1a \u0111\u1ec1<\/label><input type=\"text\" class=\"co-filter-input\" data-col=\"1\" placeholder=\"T\u00ecm t\u1ef1a \u0111\u1ec1\"><\/div><div class=\"co-filter-group\"><label>T\u00e1c gi\u1ea3<\/label><input type=\"text\" class=\"co-filter-input\" data-col=\"3\" placeholder=\"T\u00ecm t\u00e1c gi\u1ea3\"><\/div><button type=\"button\" class=\"button co-filter-btn\">L\u1ecdc<\/button><\/form><table class=\"co-table\"><thead>\n                <tr>\n                    <th>Ch\u1ee7 \u0111\u1ec1<\/th>\n                    <th>T\u1ef1a \u0111\u1ec1<\/th>\n                    <th>Nh\u1ea1c<\/th>\n                    <th>T\u00e1c gi\u1ea3<\/th>\n                <\/tr>\n              <\/thead><tbody><\/tbody><\/table><\/div><div class=\"co-tab-content\" id=\"tab-1869\" style=\"display:none\"><form class=\"co-content-filters\" onsubmit=\"return false\"><div class=\"co-filter-group\"><label>Ch\u1ee7 \u0111\u1ec1<\/label><input type=\"text\" class=\"co-filter-input\" data-col=\"0\" placeholder=\"T\u00ecm ch\u1ee7 \u0111\u1ec1\"><\/div><div class=\"co-filter-group\"><label>T\u1ef1a \u0111\u1ec1<\/label><input type=\"text\" class=\"co-filter-input\" data-col=\"1\" placeholder=\"T\u00ecm t\u1ef1a \u0111\u1ec1\"><\/div><div class=\"co-filter-group\"><label>T\u00e1c gi\u1ea3<\/label><input type=\"text\" class=\"co-filter-input\" data-col=\"3\" placeholder=\"T\u00ecm t\u00e1c gi\u1ea3\"><\/div><button type=\"button\" class=\"button co-filter-btn\">L\u1ecdc<\/button><\/form><table class=\"co-table\"><thead>\n                <tr>\n                    <th>Ch\u1ee7 \u0111\u1ec1<\/th>\n                    <th>T\u1ef1a \u0111\u1ec1<\/th>\n                    <th>Nh\u1ea1c<\/th>\n                    <th>T\u00e1c gi\u1ea3<\/th>\n                <\/tr>\n              <\/thead><tbody><\/tbody><\/table><\/div><div class=\"co-tab-content\" id=\"tab-1870\" style=\"display:none\"><form class=\"co-content-filters\" onsubmit=\"return false\"><div class=\"co-filter-group\"><label>Ch\u1ee7 \u0111\u1ec1<\/label><input type=\"text\" class=\"co-filter-input\" data-col=\"0\" placeholder=\"T\u00ecm ch\u1ee7 \u0111\u1ec1\"><\/div><div class=\"co-filter-group\"><label>T\u1ef1a \u0111\u1ec1<\/label><input type=\"text\" class=\"co-filter-input\" data-col=\"1\" placeholder=\"T\u00ecm t\u1ef1a \u0111\u1ec1\"><\/div><div class=\"co-filter-group\"><label>T\u00e1c gi\u1ea3<\/label><input type=\"text\" class=\"co-filter-input\" data-col=\"3\" placeholder=\"T\u00ecm t\u00e1c gi\u1ea3\"><\/div><button type=\"button\" class=\"button co-filter-btn\">L\u1ecdc<\/button><\/form><table class=\"co-table\"><thead>\n                <tr>\n                    <th>Ch\u1ee7 \u0111\u1ec1<\/th>\n                    <th>T\u1ef1a \u0111\u1ec1<\/th>\n                    <th>Nh\u1ea1c<\/th>\n                    <th>T\u00e1c gi\u1ea3<\/th>\n                <\/tr>\n              <\/thead><tbody><\/tbody><\/table><\/div><div class=\"co-tab-content\" id=\"tab-1871\" style=\"display:none\"><form class=\"co-content-filters\" onsubmit=\"return false\"><div class=\"co-filter-group\"><label>Ch\u1ee7 \u0111\u1ec1<\/label><input type=\"text\" class=\"co-filter-input\" data-col=\"0\" placeholder=\"T\u00ecm ch\u1ee7 \u0111\u1ec1\"><\/div><div class=\"co-filter-group\"><label>T\u1ef1a \u0111\u1ec1<\/label><input type=\"text\" class=\"co-filter-input\" data-col=\"1\" placeholder=\"T\u00ecm t\u1ef1a \u0111\u1ec1\"><\/div><div class=\"co-filter-group\"><label>T\u00e1c gi\u1ea3<\/label><input type=\"text\" class=\"co-filter-input\" data-col=\"3\" placeholder=\"T\u00ecm t\u00e1c gi\u1ea3\"><\/div><button type=\"button\" class=\"button co-filter-btn\">L\u1ecdc<\/button><\/form><table class=\"co-table\"><thead>\n                <tr>\n                    <th>Ch\u1ee7 \u0111\u1ec1<\/th>\n                    <th>T\u1ef1a \u0111\u1ec1<\/th>\n                    <th>Nh\u1ea1c<\/th>\n                    <th>T\u00e1c gi\u1ea3<\/th>\n                <\/tr>\n              <\/thead><tbody><\/tbody><\/table><\/div><div class=\"co-tab-content\" id=\"tab-1872\" style=\"display:none\"><form class=\"co-content-filters\" onsubmit=\"return false\"><div class=\"co-filter-group\"><label>Ch\u1ee7 \u0111\u1ec1<\/label><input type=\"text\" class=\"co-filter-input\" data-col=\"0\" placeholder=\"T\u00ecm ch\u1ee7 \u0111\u1ec1\"><\/div><div class=\"co-filter-group\"><label>T\u1ef1a \u0111\u1ec1<\/label><input type=\"text\" class=\"co-filter-input\" data-col=\"1\" placeholder=\"T\u00ecm t\u1ef1a \u0111\u1ec1\"><\/div><div class=\"co-filter-group\"><label>T\u00e1c gi\u1ea3<\/label><input type=\"text\" class=\"co-filter-input\" data-col=\"3\" placeholder=\"T\u00ecm t\u00e1c gi\u1ea3\"><\/div><button type=\"button\" class=\"button co-filter-btn\">L\u1ecdc<\/button><\/form><table class=\"co-table\"><thead>\n                <tr>\n                    <th>Ch\u1ee7 \u0111\u1ec1<\/th>\n                    <th>T\u1ef1a \u0111\u1ec1<\/th>\n                    <th>Nh\u1ea1c<\/th>\n                    <th>T\u00e1c gi\u1ea3<\/th>\n                <\/tr>\n              <\/thead><tbody><\/tbody><\/table><\/div><\/div>\t\t\t\t<\/div>\n\t\t\t\t<\/div>\n\t\t\t\t\t<\/div>\n\t\t\t\t<\/div>\n\t\t\t\t<\/div>\n\t\t","protected":false},"excerpt":{"rendered":"<p>Kh\u00f4ng c\u00f3 tab n\u00e0o cho ch\u1ee7 \u0111\u1ec1 n\u00e0y.<\/p>\n","protected":false},"author":1,"featured_media":0,"parent":0,"menu_order":0,"comment_status":"closed","ping_status":"closed","template":"","meta":{"footnotes":""},"class_list":["post-1848","page","type-page","status-publish","hentry"],"post-meta":{"_edit_lock":["1751593893:1"],"_edit_last":["1"],"site-container":["default"],"site-header-transparent":["default"],"site-page-header":["default"],"site-sidebar":["default"],"_elementor_edit_mode":["builder"],"_elementor_template_type":["wp-page"],"_elementor_version":["3.30.0"],"_wp_page_template":["default"],"_elementor_data":["[{\"id\":\"db14671\",\"elType\":\"container\",\"settings\":[],\"elements\":[{\"id\":\"75e5214\",\"elType\":\"widget\",\"settings\":{\"topic_id\":\"1837\"},\"elements\":[],\"widgetType\":\"co_content_table\"}],\"isInner\":false}]"],"_elementor_page_assets":["a:1:{s:7:\"scripts\";a:1:{i:0;s:18:\"elementor-frontend\";}}"],"_elementor_css":["a:6:{s:4:\"time\";i:1775509924;s:5:\"fonts\";a:0:{}s:5:\"icons\";a:0:{}s:20:\"dynamic_elements_ids\";a:0:{}s:6:\"status\";s:4:\"file\";i:0;s:0:\"\";}"],"_elementor_element_cache":["{\"timeout\":1777202183,\"value\":{\"content\":\"<div class=\\\"elementor-element elementor-element-db14671 e-flex e-con-boxed e-con e-parent\\\" data-id=\\\"db14671\\\" data-element_type=\\\"container\\\">\\n\\t\\t\\t\\t\\t<div class=\\\"e-con-inner\\\">\\n\\t\\t[elementor-element k=\\\"04583161c2ec63b40e81f8c81dee2441\\\" data=\\\"eyJpZCI6Ijc1ZTUyMTQiLCJlbFR5cGUiOiJ3aWRnZXQiLCJzZXR0aW5ncyI6eyJ0b3BpY19pZCI6IjE4MzcifSwiZWxlbWVudHMiOltdLCJ3aWRnZXRUeXBlIjoiY29fY29udGVudF90YWJsZSJ9\\\"]\\t\\t\\t<\\\/div>\\n\\t\\t\\t\\t<\\\/div>\\n\\t\\t\",\"scripts\":[],\"styles\":[]}}"]},"_links":{"self":[{"href":"https:\/\/giaidieumuctu.net\/index.php\/wp-json\/wp\/v2\/pages\/1848","targetHints":{"allow":["GET"]}}],"collection":[{"href":"https:\/\/giaidieumuctu.net\/index.php\/wp-json\/wp\/v2\/pages"}],"about":[{"href":"https:\/\/giaidieumuctu.net\/index.php\/wp-json\/wp\/v2\/types\/page"}],"author":[{"embeddable":true,"href":"https:\/\/giaidieumuctu.net\/index.php\/wp-json\/wp\/v2\/users\/1"}],"replies":[{"embeddable":true,"href":"https:\/\/giaidieumuctu.net\/index.php\/wp-json\/wp\/v2\/comments?post=1848"}],"version-history":[{"count":4,"href":"https:\/\/giaidieumuctu.net\/index.php\/wp-json\/wp\/v2\/pages\/1848\/revisions"}],"predecessor-version":[{"id":1852,"href":"https:\/\/giaidieumuctu.net\/index.php\/wp-json\/wp\/v2\/pages\/1848\/revisions\/1852"}],"wp:attachment":[{"href":"https:\/\/giaidieumuctu.net\/index.php\/wp-json\/wp\/v2\/media?parent=1848"}],"curies":[{"name":"wp","href":"https:\/\/api.w.org\/{rel}","templated":true}]}}