{"id":1804,"date":"2025-07-03T17:55:18","date_gmt":"2025-07-03T17:55:18","guid":{"rendered":"https:\/\/giaidieumuctu.net\/?page_id=1804"},"modified":"2025-07-03T17:56:30","modified_gmt":"2025-07-03T17:56:30","slug":"thien-ly","status":"publish","type":"page","link":"https:\/\/giaidieumuctu.net\/index.php\/thien-ly\/","title":{"rendered":"Thi\u00ean L\u00fd"},"content":{"rendered":"\t\t<div data-elementor-type=\"wp-page\" data-elementor-id=\"1804\" class=\"elementor elementor-1804\">\n\t\t\t\t<div class=\"elementor-element elementor-element-0ae60fc e-flex e-con-boxed e-con e-parent\" data-id=\"0ae60fc\" data-element_type=\"container\">\n\t\t\t\t\t<div class=\"e-con-inner\">\n\t\t\t\t<div class=\"elementor-element elementor-element-0c9a1a4 elementor-widget elementor-widget-co_content_table\" data-id=\"0c9a1a4\" data-element_type=\"widget\" data-widget_type=\"co_content_table.default\">\n\t\t\t\t<div class=\"elementor-widget-container\">\n\t\t\t\t\t<div class=\"co-author-table-wrapper\"><form class=\"co-content-filters\" onsubmit=\"return false\"><div class=\"co-filter-group\"><label>Ch\u1ee7 \u0111\u1ec1<\/label><input type=\"text\" class=\"co-filter-input\" data-col=\"0\" placeholder=\"T\u00ecm ch\u1ee7 \u0111\u1ec1\"><\/div><div class=\"co-filter-group\"><label>T\u1ef1a \u0111\u1ec1<\/label><input type=\"text\" class=\"co-filter-input\" data-col=\"1\" placeholder=\"T\u00ecm t\u1ef1a \u0111\u1ec1\"><\/div><div class=\"co-filter-group\"><label>Nh\u1ea1c<\/label><input type=\"text\" class=\"co-filter-input\" data-col=\"2\" placeholder=\"T\u00ecm nh\u1ea1c\"><\/div><button type=\"button\" class=\"button co-filter-btn\">L\u1ecdc<\/button><\/form><table class=\"co-table\"><thead><tr><th>Ch\u1ee7 \u0111\u1ec1<\/th><th>T\u1ef1a \u0111\u1ec1<\/th><th>Nh\u1ea1c<\/th><th>T\u00e1c gi\u1ea3<\/th><\/tr><\/thead><tbody><tr><td>Ch\u01b0 Th\u00e1nh<\/td><td><a href=\"https:\/\/giaidieumuctu.net\/wp-content\/uploads\/2025\/07\/chanlydaminh-thienly.pdf\" target=\"_blank\" class=\"co-link-icon\"><span class=\"dashicons dashicons-media-document\"><\/span> Ch\u00e2n L\u00fd \u0110aminh<\/a><\/td><td>Mp4<br><a href=\"https:\/\/www.youtube.com\/watch?v=Z3KW5ENxYNI\" target=\"_blank\" class=\"co-link-icon\"><span class=\"dashicons dashicons-video-alt3\"><\/span> YouTube<\/a><br><\/td><td><\/td><\/tr><tr><td>L\u1ec5 Th\u0103ng Thi\u00ean<\/td><td><a href=\"https:\/\/giaidieumuctu.net\/wp-content\/uploads\/2025\/07\/chuanguvetroi-thienly.pdf\" target=\"_blank\" class=\"co-link-icon\"><span class=\"dashicons dashicons-media-document\"><\/span> Ch\u00faa Ng\u1ef1 V\u1ec1 Tr\u1eddi<\/a><\/td><td><\/td><td><\/td><\/tr><tr><td>Ch\u01b0 Th\u00e1nh<\/td><td><a href=\"https:\/\/giaidieumuctu.net\/wp-content\/uploads\/2025\/07\/cungdanhuyensieu-thienly.pdf\" target=\"_blank\" class=\"co-link-icon\"><span class=\"dashicons dashicons-media-document\"><\/span> Cung \u0110\u00e0n Huy\u1ec1n Si\u00eau<\/a><\/td><td>Mp4<br><a href=\"https:\/\/www.youtube.com\/watch?v=mQai2SlcSfE\" target=\"_blank\" class=\"co-link-icon\"><span class=\"dashicons dashicons-video-alt3\"><\/span> YouTube<\/a><br><\/td><td><\/td><\/tr><tr><td>Quanh N\u0103m<\/td><td><a href=\"https:\/\/giaidieumuctu.net\/wp-content\/uploads\/2025\/07\/conmuondangngai-thienly.pdf\" target=\"_blank\" class=\"co-link-icon\"><span class=\"dashicons dashicons-media-document\"><\/span> Con Mu\u1ed1n D\u00e2ng Ng\u00e0i<\/a><\/td><td><\/td><td><\/td><\/tr><tr><td>CN 1 MV<\/td><td><a href=\"https:\/\/giaidieumuctu.net\/wp-content\/uploads\/2025\/07\/tinhthucsansang-thienly.pdf\" target=\"_blank\" class=\"co-link-icon\"><span class=\"dashicons dashicons-media-document\"><\/span> T\u1ec9nh Th\u1ee9c S\u1eb5n S\u00e0ng (Mt. 24: 37-44)<\/a><\/td><td>mp4<br><a href=\"https:\/\/www.youtube.com\/watch?v=SRYF_SklQjI\" target=\"_blank\" class=\"co-link-icon\"><span class=\"dashicons dashicons-video-alt3\"><\/span> YouTube<\/a><br><\/td><td><\/td><\/tr><tr><td>Th\u00e1nh V\u1ecbnh 121<\/td><td><a href=\"https:\/\/giaidieumuctu.net\/wp-content\/uploads\/2025\/07\/cn1a-mv-thienly.pdf\" target=\"_blank\" class=\"co-link-icon\"><span class=\"dashicons dashicons-media-document\"><\/span> Ch\u00faa Nh\u1eadt 1A M\u00f9a V\u1ecdng<\/a><\/td><td><\/td><td><\/td><\/tr><tr><td>CN 2 MV<\/td><td><a href=\"https:\/\/giaidieumuctu.net\/wp-content\/uploads\/2025\/07\/haydonduongchua-thienly.pdf\" target=\"_blank\" class=\"co-link-icon\"><span class=\"dashicons dashicons-media-document\"><\/span> H\u00e3y D\u1ecdn \u0110\u01b0\u1eddng Ch\u00faa (Mt. 3: 1-12)<\/a><\/td><td>Mp4<br><a href=\"https:\/\/www.youtube.com\/watch?v=AwoM9sbDkrY&#038;themeRefresh=1\" target=\"_blank\" class=\"co-link-icon\"><span class=\"dashicons dashicons-video-alt3\"><\/span> YouTube<\/a><br><\/td><td><\/td><\/tr><\/tbody><\/table><\/div>\t\t\t\t<\/div>\n\t\t\t\t<\/div>\n\t\t\t\t\t<\/div>\n\t\t\t\t<\/div>\n\t\t\t\t<\/div>\n\t\t","protected":false},"excerpt":{"rendered":"<p>Ch\u1ee7 \u0111\u1ec1T\u1ef1a \u0111\u1ec1Nh\u1ea1cL\u1ecdc Ch\u1ee7 \u0111\u1ec1 T\u1ef1a \u0111\u1ec1 Nh\u1ea1c T\u00e1c gi\u1ea3 Ch\u01b0 Th\u00e1nh Ch\u00e2n L\u00fd \u0110aminh Mp4 YouTube Thi\u00ean L\u00fd L\u1ec5&#8230;<\/p>\n","protected":false},"author":1,"featured_media":0,"parent":0,"menu_order":0,"comment_status":"closed","ping_status":"closed","template":"","meta":{"footnotes":""},"class_list":["post-1804","page","type-page","status-publish","hentry"],"post-meta":{"_edit_lock":["1751565398:1"],"_edit_last":["1"],"site-container":["default"],"site-header-transparent":["default"],"site-page-header":["default"],"site-sidebar":["default"],"_elementor_edit_mode":["builder"],"_elementor_template_type":["wp-page"],"_elementor_version":["3.30.0"],"_wp_page_template":["default"],"_elementor_data":["[{\"id\":\"0ae60fc\",\"elType\":\"container\",\"settings\":[],\"elements\":[{\"id\":\"0c9a1a4\",\"elType\":\"widget\",\"settings\":{\"filter_by_author\":\"yes\",\"author_id\":\"1781\"},\"elements\":[],\"widgetType\":\"co_content_table\"}],\"isInner\":false}]"],"_elementor_page_assets":["a:1:{s:7:\"scripts\";a:1:{i:0;s:18:\"elementor-frontend\";}}"],"_elementor_css":["a:6:{s:4:\"time\";i:1775534548;s:5:\"fonts\";a:0:{}s:5:\"icons\";a:0:{}s:20:\"dynamic_elements_ids\";a:0:{}s:6:\"status\";s:4:\"file\";i:0;s:0:\"\";}"],"_elementor_element_cache":["{\"timeout\":1777202069,\"value\":{\"content\":\"<div class=\\\"elementor-element elementor-element-0ae60fc e-flex e-con-boxed e-con e-parent\\\" data-id=\\\"0ae60fc\\\" data-element_type=\\\"container\\\">\\n\\t\\t\\t\\t\\t<div class=\\\"e-con-inner\\\">\\n\\t\\t[elementor-element k=\\\"04583161c2ec63b40e81f8c81dee2441\\\" data=\\\"eyJpZCI6IjBjOWExYTQiLCJlbFR5cGUiOiJ3aWRnZXQiLCJzZXR0aW5ncyI6eyJmaWx0ZXJfYnlfYXV0aG9yIjoieWVzIiwiYXV0aG9yX2lkIjoiMTc4MSJ9LCJlbGVtZW50cyI6W10sIndpZGdldFR5cGUiOiJjb19jb250ZW50X3RhYmxlIn0=\\\"]\\t\\t\\t<\\\/div>\\n\\t\\t\\t\\t<\\\/div>\\n\\t\\t\",\"scripts\":[],\"styles\":[]}}"]},"_links":{"self":[{"href":"https:\/\/giaidieumuctu.net\/index.php\/wp-json\/wp\/v2\/pages\/1804","targetHints":{"allow":["GET"]}}],"collection":[{"href":"https:\/\/giaidieumuctu.net\/index.php\/wp-json\/wp\/v2\/pages"}],"about":[{"href":"https:\/\/giaidieumuctu.net\/index.php\/wp-json\/wp\/v2\/types\/page"}],"author":[{"embeddable":true,"href":"https:\/\/giaidieumuctu.net\/index.php\/wp-json\/wp\/v2\/users\/1"}],"replies":[{"embeddable":true,"href":"https:\/\/giaidieumuctu.net\/index.php\/wp-json\/wp\/v2\/comments?post=1804"}],"version-history":[{"count":4,"href":"https:\/\/giaidieumuctu.net\/index.php\/wp-json\/wp\/v2\/pages\/1804\/revisions"}],"predecessor-version":[{"id":1808,"href":"https:\/\/giaidieumuctu.net\/index.php\/wp-json\/wp\/v2\/pages\/1804\/revisions\/1808"}],"wp:attachment":[{"href":"https:\/\/giaidieumuctu.net\/index.php\/wp-json\/wp\/v2\/media?parent=1804"}],"curies":[{"name":"wp","href":"https:\/\/api.w.org\/{rel}","templated":true}]}}