{"id":13,"date":"2018-10-16T03:55:35","date_gmt":"2018-10-16T03:55:35","guid":{"rendered":"https:\/\/woostify.com\/demos\/fashion1\/?page_id=13"},"modified":"2025-09-10T14:06:25","modified_gmt":"2025-09-10T14:06:25","slug":"fashion","status":"publish","type":"page","link":"https:\/\/giaidieumuctu.net\/","title":{"rendered":"Giai \u0110i\u00ea\u0323u Mu\u0323c T\u01b0\u0309"},"content":{"rendered":"\t\t<div data-elementor-type=\"wp-post\" data-elementor-id=\"13\" class=\"elementor elementor-13\">\n\t\t\t\t<div class=\"elementor-element elementor-element-fc6a228 e-flex e-con-boxed e-con e-parent\" data-id=\"fc6a228\" data-element_type=\"container\" data-settings=\"{&quot;background_background&quot;:&quot;classic&quot;}\">\n\t\t\t\t\t<div class=\"e-con-inner\">\n\t\t<div class=\"elementor-element elementor-element-3ea6684 e-con-full e-flex e-con e-child\" data-id=\"3ea6684\" data-element_type=\"container\">\n\t\t\t\t<div class=\"elementor-element elementor-element-c6d4c9f elementor-invisible elementor-widget elementor-widget-heading\" data-id=\"c6d4c9f\" data-element_type=\"widget\" data-settings=\"{&quot;_animation&quot;:&quot;fadeInLeft&quot;,&quot;_animation_delay&quot;:500}\" data-widget_type=\"heading.default\">\n\t\t\t\t\t<h2 class=\"elementor-heading-title elementor-size-default\">M\u1ed9t \u0111\u1eddi ph\u1ee5c v\u1ee5,\n m\u1ed9t \u0111\u1eddi ca h\u00e1t.<\/h2>\t\t\t\t<\/div>\n\t\t\t\t<div class=\"elementor-element elementor-element-cfacd2c elementor-widget elementor-widget-co_table_music\" data-id=\"cfacd2c\" data-element_type=\"widget\" data-widget_type=\"co_table_music.default\">\n\t\t\t\t<div class=\"elementor-widget-container\">\n\t\t\t\t\t        <div class=\"co-music-widget-ui\" id=\"co_music_69eca2b361a51\">\n            <audio class=\"co-audio\" preload=\"auto\" autoplay>\n                <source src=\"https:\/\/giaidieumuctu.net\/wp-content\/uploads\/2025\/09\/CAN-TINH-NGUOI-MON-DE-HOP-XUONG-online-audio-converter.com_.mp3\" type=\"audio\/mpeg\">\n            <\/audio>\n\n            <button class=\"co-play-btn\" title=\"Ph\u00e1t nh\u1ea1c\">\n                <svg width=\"20\" height=\"20\" viewBox=\"0 0 24 24\" fill=\"none\"\n                     stroke=\"#fff\" stroke-width=\"2\" stroke-linecap=\"round\" stroke-linejoin=\"round\">\n                    <polygon points=\"5,3 19,12 5,21 5,3\"><\/polygon>\n                <\/svg>\n            <\/button>\n\n            <div class=\"co-progress-wrapper\">\n                <div class=\"note-thumb\">\ud83c\udfb5<\/div>\n                <input type=\"range\" class=\"co-progress\" min=\"0\" value=\"0\" step=\"0.1\">\n            <\/div>\n        <\/div>\n        \t\t\t\t<\/div>\n\t\t\t\t<\/div>\n\t\t\t\t<\/div>\n\t\t\t\t\t<\/div>\n\t\t\t\t<\/div>\n\t\t<div class=\"elementor-element elementor-element-70d6b47 e-flex e-con-boxed e-con e-parent\" data-id=\"70d6b47\" data-element_type=\"container\">\n\t\t\t\t\t<div class=\"e-con-inner\">\n\t\t\t\t\t<\/div>\n\t\t\t\t<\/div>\n\t\t<div class=\"elementor-element elementor-element-bc4857c e-flex e-con-boxed e-con e-parent\" data-id=\"bc4857c\" data-element_type=\"container\">\n\t\t\t\t\t<div class=\"e-con-inner\">\n\t\t\t\t<div class=\"elementor-element elementor-element-23f2f7d elementor-widget elementor-widget-video\" data-id=\"23f2f7d\" data-element_type=\"widget\" data-settings=\"{&quot;youtube_url&quot;:&quot;https:\\\/\\\/www.youtube.com\\\/watch?v=A2HL__sh9fQ&amp;t=20s&quot;,&quot;video_type&quot;:&quot;youtube&quot;,&quot;controls&quot;:&quot;yes&quot;}\" data-widget_type=\"video.default\">\n\t\t\t\t\t\t\t<div class=\"elementor-wrapper elementor-open-inline\">\n\t\t\t<div class=\"elementor-video\"><\/div>\t\t<\/div>\n\t\t\t\t\t\t<\/div>\n\t\t\t\t<div class=\"elementor-element elementor-element-f706f7c elementor-widget elementor-widget-video\" data-id=\"f706f7c\" data-element_type=\"widget\" data-settings=\"{&quot;youtube_url&quot;:&quot;https:\\\/\\\/www.youtube.com\\\/watch?v=2kAyNvhpJaU&amp;t=378s&quot;,&quot;video_type&quot;:&quot;youtube&quot;,&quot;controls&quot;:&quot;yes&quot;}\" data-widget_type=\"video.default\">\n\t\t\t\t\t\t\t<div class=\"elementor-wrapper elementor-open-inline\">\n\t\t\t<div class=\"elementor-video\"><\/div>\t\t<\/div>\n\t\t\t\t\t\t<\/div>\n\t\t\t\t\t<\/div>\n\t\t\t\t<\/div>\n\t\t\t\t<\/div>\n\t\t","protected":false},"excerpt":{"rendered":"<p>M\u1ed9t \u0111\u1eddi ph\u1ee5c v\u1ee5, m\u1ed9t \u0111\u1eddi ca h\u00e1t. \ud83c\udfb5<\/p>\n","protected":false},"author":1,"featured_media":1889,"parent":0,"menu_order":0,"comment_status":"open","ping_status":"closed","template":"","meta":{"footnotes":""},"class_list":["post-13","page","type-page","status-publish","has-post-thumbnail","hentry"],"post-meta":{"site-container":["full-width-stretched"],"site-sidebar":["full"],"site-post-title":["disabled"],"_elementor_template_type":["wp-post"],"_wp_page_template":["default"],"_elementor_data":["[{\"id\":\"fc6a228\",\"elType\":\"container\",\"settings\":{\"boxed_width\":{\"unit\":\"px\",\"size\":1170},\"flex_gap\":{\"size\":0,\"unit\":\"px\"},\"background_background\":\"classic\",\"background_image\":{\"url\":\"https:\\\/\\\/giaidieumuctu.net\\\/wp-content\\\/uploads\\\/2025\\\/07\\\/pexels-daniel-zabinski-2151650935-31836972-scaled.jpg\",\"id\":1815,\"alt\":\"\",\"source\":\"library\",\"size\":\"\"},\"background_position\":\"top center\",\"background_repeat\":\"no-repeat\",\"background_size\":\"cover\",\"padding\":{\"unit\":\"px\",\"top\":\"0\",\"right\":\"15\",\"bottom\":\"0\",\"left\":\"15\",\"isLinked\":false},\"min_height\":{\"unit\":\"px\",\"size\":550,\"sizes\":[]},\"min_height_tablet\":{\"unit\":\"px\",\"size\":400,\"sizes\":[]},\"flex_direction\":\"row\",\"flex_align_items\":\"center\",\"background_overlay_background\":\"classic\",\"background_overlay_color\":\"#0C0C0C\"},\"elements\":[{\"id\":\"3ea6684\",\"elType\":\"container\",\"settings\":{\"_column_size\":100,\"content_width\":\"full\",\"padding\":{\"unit\":\"px\",\"top\":\"0\",\"right\":\"0\",\"bottom\":\"0\",\"left\":\"0\",\"isLinked\":true}},\"elements\":[{\"id\":\"0679938\",\"elType\":\"widget\",\"settings\":{\"image\":{\"url\":\"\",\"id\":\"\",\"alt\":\"\",\"source\":\"library\",\"size\":\"\"},\"align\":\"left\",\"_margin\":{\"unit\":\"px\",\"top\":\"0\",\"right\":\"0\",\"bottom\":\"-16\",\"left\":\"0\",\"isLinked\":false},\"_animation\":\"fadeInLeft\",\"image_size\":\"woocommerce_gallery_thumbnail\",\"width\":{\"unit\":\"%\",\"size\":7,\"sizes\":[]},\"space\":{\"unit\":\"%\",\"size\":100,\"sizes\":[]},\"height\":{\"unit\":\"px\",\"size\":88,\"sizes\":[]},\"opacity\":{\"unit\":\"px\",\"size\":0.81,\"sizes\":[]},\"image_border_border\":\"groove\",\"image_border_width\":{\"unit\":\"px\",\"top\":\"-12\",\"right\":\"-12\",\"bottom\":\"-12\",\"left\":\"-12\",\"isLinked\":true}},\"elements\":[],\"widgetType\":\"image\"},{\"id\":\"c6d4c9f\",\"elType\":\"widget\",\"settings\":{\"title\":\"M\\u1ed9t \\u0111\\u1eddi ph\\u1ee5c v\\u1ee5,\\n m\\u1ed9t \\u0111\\u1eddi ca h\\u00e1t.\",\"typography_typography\":\"custom\",\"typography_font_size\":{\"unit\":\"px\",\"size\":50},\"typography_line_height\":{\"unit\":\"em\",\"size\":0.9},\"typography_font_size_tablet\":{\"unit\":\"rem\",\"size\":2.5},\"typography_font_size_mobile\":{\"unit\":\"rem\",\"size\":1.7},\"typography_line_height_tablet\":{\"unit\":\"em\",\"size\":1.5},\"typography_line_height_mobile\":{\"unit\":\"em\",\"size\":1.3},\"title_color\":\"#FFFFFF\",\"typography_font_family\":\"Fira Sans\",\"typography_font_weight\":\"600\",\"typography_letter_spacing\":{\"unit\":\"px\",\"size\":-1.4,\"sizes\":[]},\"_animation\":\"fadeInLeft\",\"_animation_delay\":500,\"align\":\"left\",\"typography_text_transform\":\"capitalize\",\"typography_word_spacing\":{\"unit\":\"px\",\"size\":0,\"sizes\":[]}},\"elements\":[],\"widgetType\":\"heading\"},{\"id\":\"cfacd2c\",\"elType\":\"widget\",\"settings\":{\"music_file\":{\"url\":\"https:\\\/\\\/giaidieumuctu.net\\\/wp-content\\\/uploads\\\/2025\\\/09\\\/CAN-TINH-NGUOI-MON-DE-HOP-XUONG-online-audio-converter.com_.mp3\",\"id\":1944,\"size\":\"\",\"alt\":\"\",\"source\":\"library\"},\"autoplay\":\"yes\"},\"elements\":[],\"widgetType\":\"co_table_music\"}],\"isInner\":true}],\"isInner\":false},{\"id\":\"70d6b47\",\"elType\":\"container\",\"settings\":[],\"elements\":[],\"isInner\":false},{\"id\":\"bc4857c\",\"elType\":\"container\",\"settings\":[],\"elements\":[{\"id\":\"23f2f7d\",\"elType\":\"widget\",\"settings\":{\"youtube_url\":\"https:\\\/\\\/www.youtube.com\\\/watch?v=A2HL__sh9fQ&t=20s\",\"vimeo_url\":\"https:\\\/\\\/vimeo.com\\\/235215203\",\"dailymotion_url\":\"https:\\\/\\\/www.dailymotion.com\\\/video\\\/x6tqhqb\",\"videopress_url\":\"https:\\\/\\\/videopress.com\\\/v\\\/ZCAOzTNk\"},\"elements\":[],\"widgetType\":\"video\"},{\"id\":\"f706f7c\",\"elType\":\"widget\",\"settings\":{\"youtube_url\":\"https:\\\/\\\/www.youtube.com\\\/watch?v=2kAyNvhpJaU&t=378s\",\"vimeo_url\":\"https:\\\/\\\/vimeo.com\\\/235215203\",\"dailymotion_url\":\"https:\\\/\\\/www.dailymotion.com\\\/video\\\/x6tqhqb\",\"videopress_url\":\"https:\\\/\\\/videopress.com\\\/v\\\/ZCAOzTNk\"},\"elements\":[],\"widgetType\":\"video\"}],\"isInner\":false}]"],"_elementor_version":["3.30.0"],"site-header-transparent":["default"],"site-page-header":["disabled"],"_elementor_controls_usage":["a:8:{s:6:\"spacer\";a:3:{s:5:\"count\";i:18;s:15:\"control_percent\";i:1;s:8:\"controls\";a:1:{s:7:\"content\";a:1:{s:14:\"section_spacer\";a:3:{s:5:\"space\";i:15;s:12:\"space_tablet\";i:3;s:12:\"space_mobile\";i:11;}}}}s:11:\"text-editor\";a:3:{s:5:\"count\";i:10;s:15:\"control_percent\";i:2;s:8:\"controls\";a:2:{s:7:\"content\";a:1:{s:14:\"section_editor\";a:1:{s:6:\"editor\";i:10;}}s:5:\"style\";a:1:{s:13:\"section_style\";a:9:{s:5:\"align\";i:6;s:21:\"typography_typography\";i:6;s:20:\"typography_font_size\";i:6;s:25:\"typography_text_transform\";i:5;s:22:\"typography_font_weight\";i:2;s:27:\"typography_font_size_mobile\";i:2;s:29:\"typography_line_height_mobile\";i:1;s:10:\"text_color\";i:1;s:12:\"align_mobile\";i:3;}}}}s:7:\"heading\";a:3:{s:5:\"count\";i:9;s:15:\"control_percent\";i:2;s:8:\"controls\";a:3:{s:7:\"content\";a:1:{s:13:\"section_title\";a:4:{s:5:\"title\";i:9;s:5:\"align\";i:4;s:11:\"header_size\";i:3;s:12:\"align_mobile\";i:3;}}s:5:\"style\";a:1:{s:19:\"section_title_style\";a:9:{s:21:\"typography_typography\";i:9;s:20:\"typography_font_size\";i:1;s:22:\"typography_line_height\";i:2;s:27:\"typography_font_size_tablet\";i:1;s:27:\"typography_font_size_mobile\";i:6;s:29:\"typography_line_height_tablet\";i:1;s:29:\"typography_line_height_mobile\";i:2;s:22:\"typography_font_weight\";i:4;s:25:\"typography_letter_spacing\";i:1;}}s:8:\"advanced\";a:1:{s:14:\"_section_style\";a:1:{s:7:\"_margin\";i:3;}}}}s:6:\"button\";a:3:{s:5:\"count\";i:2;s:15:\"control_percent\";i:5;s:8:\"controls\";a:2:{s:7:\"content\";a:1:{s:14:\"section_button\";a:3:{s:4:\"text\";i:2;s:4:\"link\";i:1;s:4:\"size\";i:1;}}s:5:\"style\";a:1:{s:13:\"section_style\";a:13:{s:21:\"typography_typography\";i:2;s:22:\"typography_font_weight\";i:2;s:25:\"typography_text_transform\";i:2;s:22:\"typography_line_height\";i:2;s:13:\"border_radius\";i:2;s:12:\"text_padding\";i:2;s:25:\"typography_letter_spacing\";i:1;s:19:\"text_padding_mobile\";i:2;s:29:\"button_background_hover_color\";i:2;s:33:\"button_box_shadow_box_shadow_type\";i:2;s:28:\"button_box_shadow_box_shadow\";i:2;s:20:\"typography_font_size\";i:2;s:16:\"background_color\";i:1;}}}}s:6:\"column\";a:3:{s:5:\"count\";i:24;s:15:\"control_percent\";i:0;s:8:\"controls\";a:3:{s:6:\"layout\";a:1:{s:6:\"layout\";a:2:{s:12:\"_inline_size\";i:17;s:19:\"_inline_size_tablet\";i:6;}}s:5:\"style\";a:1:{s:13:\"section_style\";a:1:{s:21:\"background_background\";i:4;}}s:8:\"advanced\";a:1:{s:16:\"section_advanced\";a:5:{s:6:\"margin\";i:2;s:13:\"margin_mobile\";i:1;s:7:\"padding\";i:6;s:14:\"padding_mobile\";i:3;s:14:\"padding_tablet\";i:1;}}}}s:7:\"section\";a:3:{s:5:\"count\";i:12;s:15:\"control_percent\";i:1;s:8:\"controls\";a:3:{s:6:\"layout\";a:2:{s:14:\"section_layout\";a:4:{s:13:\"content_width\";i:3;s:3:\"gap\";i:10;s:15:\"stretch_section\";i:4;s:6:\"layout\";i:2;}s:17:\"section_structure\";a:1:{s:9:\"structure\";i:5;}}s:5:\"style\";a:1:{s:18:\"section_background\";a:6:{s:21:\"background_background\";i:3;s:16:\"background_image\";i:2;s:19:\"background_position\";i:2;s:17:\"background_repeat\";i:2;s:15:\"background_size\";i:2;s:16:\"background_color\";i:1;}}s:8:\"advanced\";a:1:{s:16:\"section_advanced\";a:3:{s:7:\"padding\";i:2;s:6:\"margin\";i:1;s:11:\"css_classes\";i:1;}}}}s:5:\"image\";a:3:{s:5:\"count\";i:13;s:15:\"control_percent\";i:0;s:8:\"controls\";a:3:{s:7:\"content\";a:1:{s:13:\"section_image\";a:7:{s:5:\"image\";i:13;s:10:\"image_size\";i:8;s:7:\"caption\";i:4;s:7:\"link_to\";i:4;s:4:\"link\";i:4;s:14:\"caption_source\";i:4;s:12:\"align_mobile\";i:3;}}s:5:\"style\";a:1:{s:19:\"section_style_image\";a:2:{s:22:\"css_filters_hover_blur\";i:4;s:27:\"background_hover_transition\";i:4;}}s:8:\"advanced\";a:1:{s:14:\"_section_style\";a:3:{s:7:\"_margin\";i:4;s:14:\"_margin_mobile\";i:7;s:8:\"_padding\";i:1;}}}}s:9:\"shortcode\";a:3:{s:5:\"count\";i:2;s:15:\"control_percent\";i:1;s:8:\"controls\";a:1:{s:7:\"content\";a:1:{s:17:\"section_shortcode\";a:1:{s:9:\"shortcode\";i:2;}}}}}"],"_edit_lock":["1757513524:1"],"_oembed_7f3dc356627d9324815fbf3be82f0858":["<iframe title=\"Album H\u1ed2NG \u00c2N C\u1ee6A CH\u00daA - Lm. B\u1ea1ch V\u00e2n\" width=\"500\" height=\"281\" src=\"https:\/\/www.youtube.com\/embed\/2kAyNvhpJaU?feature=oembed\" frameborder=\"0\" allow=\"accelerometer; autoplay; clipboard-write; encrypted-media; gyroscope; picture-in-picture; web-share\" referrerpolicy=\"strict-origin-when-cross-origin\" allowfullscreen><\/iframe>"],"_oembed_time_7f3dc356627d9324815fbf3be82f0858":["1751620208"],"_thumbnail_id":["1889"],"_elementor_page_settings":["a:3:{s:10:\"hide_title\";s:3:\"yes\";s:6:\"margin\";a:6:{s:4:\"unit\";s:2:\"px\";s:3:\"top\";s:1:\"0\";s:5:\"right\";s:1:\"0\";s:6:\"bottom\";s:1:\"0\";s:4:\"left\";s:1:\"0\";s:8:\"isLinked\";b:0;}s:7:\"padding\";a:6:{s:4:\"unit\";s:2:\"px\";s:3:\"top\";s:1:\"0\";s:5:\"right\";s:1:\"0\";s:6:\"bottom\";s:1:\"0\";s:4:\"left\";s:1:\"0\";s:8:\"isLinked\";b:0;}}"],"_oembed_a44e279eeacd0f782b80996b3c84a165":["<iframe title=\"Album H\u1ed2NG \u00c2N C\u1ee6A CH\u00daA - Lm. B\u1ea1ch V\u00e2n\" width=\"500\" height=\"281\" src=\"https:\/\/www.youtube.com\/embed\/2kAyNvhpJaU?feature=oembed\" frameborder=\"0\" allow=\"accelerometer; autoplay; clipboard-write; encrypted-media; gyroscope; picture-in-picture; web-share\" referrerpolicy=\"strict-origin-when-cross-origin\" allowfullscreen><\/iframe>"],"_oembed_time_a44e279eeacd0f782b80996b3c84a165":["1751621739"],"_oembed_e2f8b89384ec1166f242d93c52ef91ab":["<iframe title=\"B\u00c0I CA N\u0102M TH\u00c1NH 2025_11 \u0110\u00c0N H\u00c1T_Lm. Mi Tr\u1ea7m\" width=\"500\" height=\"281\" src=\"https:\/\/www.youtube.com\/embed\/A2HL__sh9fQ?feature=oembed\" frameborder=\"0\" allow=\"accelerometer; autoplay; clipboard-write; encrypted-media; gyroscope; picture-in-picture; web-share\" referrerpolicy=\"strict-origin-when-cross-origin\" allowfullscreen><\/iframe>"],"_oembed_time_e2f8b89384ec1166f242d93c52ef91ab":["1751622167"],"_edit_last":["1"],"_elementor_edit_mode":["builder"],"_elementor_page_assets":["a:2:{s:6:\"styles\";a:4:{i:0;s:22:\"e-animation-fadeInLeft\";i:1;s:12:\"widget-image\";i:2;s:14:\"widget-heading\";i:3;s:12:\"widget-video\";}s:7:\"scripts\";a:1:{i:0;s:18:\"elementor-frontend\";}}"],"_elementor_css":["a:6:{s:4:\"time\";i:1775421616;s:5:\"fonts\";a:1:{i:0;s:9:\"Fira Sans\";}s:5:\"icons\";a:0:{}s:20:\"dynamic_elements_ids\";a:0:{}s:6:\"status\";s:4:\"file\";i:0;s:0:\"\";}"],"_elementor_element_cache":["{\"timeout\":1777160992,\"value\":{\"content\":\"<div class=\\\"elementor-element elementor-element-fc6a228 e-flex e-con-boxed e-con e-parent\\\" data-id=\\\"fc6a228\\\" data-element_type=\\\"container\\\" data-settings=\\\"{&quot;background_background&quot;:&quot;classic&quot;}\\\">\\n\\t\\t\\t\\t\\t<div class=\\\"e-con-inner\\\">\\n\\t\\t<div class=\\\"elementor-element elementor-element-3ea6684 e-con-full e-flex e-con e-child\\\" data-id=\\\"3ea6684\\\" data-element_type=\\\"container\\\">\\n\\t\\t\\t\\t<div class=\\\"elementor-element elementor-element-c6d4c9f elementor-invisible elementor-widget elementor-widget-heading\\\" data-id=\\\"c6d4c9f\\\" data-element_type=\\\"widget\\\" data-settings=\\\"{&quot;_animation&quot;:&quot;fadeInLeft&quot;,&quot;_animation_delay&quot;:500}\\\" data-widget_type=\\\"heading.default\\\">\\n\\t\\t\\t\\t\\t<h2 class=\\\"elementor-heading-title elementor-size-default\\\">M\\u1ed9t \\u0111\\u1eddi ph\\u1ee5c v\\u1ee5,\\n m\\u1ed9t \\u0111\\u1eddi ca h\\u00e1t.<\\\/h2>\\t\\t\\t\\t<\\\/div>\\n\\t\\t[elementor-element k=\\\"04583161c2ec63b40e81f8c81dee2441\\\" data=\\\"eyJpZCI6ImNmYWNkMmMiLCJlbFR5cGUiOiJ3aWRnZXQiLCJzZXR0aW5ncyI6eyJtdXNpY19maWxlIjp7InVybCI6Imh0dHBzOlwvXC9naWFpZGlldW11Y3R1Lm5ldFwvd3AtY29udGVudFwvdXBsb2Fkc1wvMjAyNVwvMDlcL0NBTi1USU5ILU5HVU9JLU1PTi1ERS1IT1AtWFVPTkctb25saW5lLWF1ZGlvLWNvbnZlcnRlci5jb21fLm1wMyIsImlkIjoxOTQ0LCJzaXplIjoiIiwiYWx0IjoiIiwic291cmNlIjoibGlicmFyeSJ9LCJhdXRvcGxheSI6InllcyJ9LCJlbGVtZW50cyI6W10sIndpZGdldFR5cGUiOiJjb190YWJsZV9tdXNpYyJ9\\\"]\\t\\t<\\\/div>\\n\\t\\t\\t\\t\\t<\\\/div>\\n\\t\\t\\t\\t<\\\/div>\\n\\t\\t<div class=\\\"elementor-element elementor-element-70d6b47 e-flex e-con-boxed e-con e-parent\\\" data-id=\\\"70d6b47\\\" data-element_type=\\\"container\\\">\\n\\t\\t\\t\\t\\t<div class=\\\"e-con-inner\\\">\\n\\t\\t\\t\\t\\t<\\\/div>\\n\\t\\t\\t\\t<\\\/div>\\n\\t\\t<div class=\\\"elementor-element elementor-element-bc4857c e-flex e-con-boxed e-con e-parent\\\" data-id=\\\"bc4857c\\\" data-element_type=\\\"container\\\">\\n\\t\\t\\t\\t\\t<div class=\\\"e-con-inner\\\">\\n\\t\\t\\t\\t<div class=\\\"elementor-element elementor-element-23f2f7d elementor-widget elementor-widget-video\\\" data-id=\\\"23f2f7d\\\" data-element_type=\\\"widget\\\" data-settings=\\\"{&quot;youtube_url&quot;:&quot;https:\\\\\\\/\\\\\\\/www.youtube.com\\\\\\\/watch?v=A2HL__sh9fQ&amp;t=20s&quot;,&quot;video_type&quot;:&quot;youtube&quot;,&quot;controls&quot;:&quot;yes&quot;}\\\" data-widget_type=\\\"video.default\\\">\\n\\t\\t\\t\\t\\t\\t\\t<div class=\\\"elementor-wrapper elementor-open-inline\\\">\\n\\t\\t\\t<div class=\\\"elementor-video\\\"><\\\/div>\\t\\t<\\\/div>\\n\\t\\t\\t\\t\\t\\t<\\\/div>\\n\\t\\t\\t\\t<div class=\\\"elementor-element elementor-element-f706f7c elementor-widget elementor-widget-video\\\" data-id=\\\"f706f7c\\\" data-element_type=\\\"widget\\\" data-settings=\\\"{&quot;youtube_url&quot;:&quot;https:\\\\\\\/\\\\\\\/www.youtube.com\\\\\\\/watch?v=2kAyNvhpJaU&amp;t=378s&quot;,&quot;video_type&quot;:&quot;youtube&quot;,&quot;controls&quot;:&quot;yes&quot;}\\\" data-widget_type=\\\"video.default\\\">\\n\\t\\t\\t\\t\\t\\t\\t<div class=\\\"elementor-wrapper elementor-open-inline\\\">\\n\\t\\t\\t<div class=\\\"elementor-video\\\"><\\\/div>\\t\\t<\\\/div>\\n\\t\\t\\t\\t\\t\\t<\\\/div>\\n\\t\\t\\t\\t\\t<\\\/div>\\n\\t\\t\\t\\t<\\\/div>\\n\\t\\t\",\"scripts\":[],\"styles\":[]}}"]},"_links":{"self":[{"href":"https:\/\/giaidieumuctu.net\/index.php\/wp-json\/wp\/v2\/pages\/13","targetHints":{"allow":["GET"]}}],"collection":[{"href":"https:\/\/giaidieumuctu.net\/index.php\/wp-json\/wp\/v2\/pages"}],"about":[{"href":"https:\/\/giaidieumuctu.net\/index.php\/wp-json\/wp\/v2\/types\/page"}],"author":[{"embeddable":true,"href":"https:\/\/giaidieumuctu.net\/index.php\/wp-json\/wp\/v2\/users\/1"}],"replies":[{"embeddable":true,"href":"https:\/\/giaidieumuctu.net\/index.php\/wp-json\/wp\/v2\/comments?post=13"}],"version-history":[{"count":37,"href":"https:\/\/giaidieumuctu.net\/index.php\/wp-json\/wp\/v2\/pages\/13\/revisions"}],"predecessor-version":[{"id":1947,"href":"https:\/\/giaidieumuctu.net\/index.php\/wp-json\/wp\/v2\/pages\/13\/revisions\/1947"}],"wp:featuredmedia":[{"embeddable":true,"href":"https:\/\/giaidieumuctu.net\/index.php\/wp-json\/wp\/v2\/media\/1889"}],"wp:attachment":[{"href":"https:\/\/giaidieumuctu.net\/index.php\/wp-json\/wp\/v2\/media?parent=13"}],"curies":[{"name":"wp","href":"https:\/\/api.w.org\/{rel}","templated":true}]}}